{"id":37,"date":"2018-08-16T04:35:41","date_gmt":"2018-08-16T04:35:41","guid":{"rendered":"http:\/\/localhost\/ikon\/?page_id=37"},"modified":"2022-08-28T01:07:29","modified_gmt":"2022-08-28T01:07:29","slug":"financial-planning","status":"publish","type":"page","link":"https:\/\/gestionyexcelencia.cl\/?page_id=37","title":{"rendered":"LEAN Six Sigma"},"content":{"rendered":"<section class=\"kc-elm kc-css-727818 kc_row\"><div class=\"kc-row-container  kc-container\"><div class=\"kc-wrap-columns\"><div class=\"kc-elm kc-css-382907 kc_col-sm-8 kc_column kc_col-sm-8\"><div class=\"kc-col-container\"><div class=\"sm services-single-section\">\r\n    \t<div class=\"auto-container\">\r\n        \t<div class=\"row clearfix\">\r\n            \t\r\n                <!--Content Column-->\r\n                <div class=\"content-column col-md-12 col-sm-12 col-xs-12\">\r\n                \t<div class=\"inner-column\">\r\n                    \t<h2>LEAN Six Sigma<\/h2>\r\n                        <div class=\"text\">Lean Six Sigma es una metodolog\u00eda de mejora de procesos dise\u00f1ada para eliminar problemas, eliminar desperdicios e ineficiencias y mejorar las condiciones de trabajo, para proporcionar una mejor respuesta a las necesidades de los clientes.<\/div>\r\n                        \r\n                        <!--Two Column-->\r\n                        <div class=\"two-column\">\r\n                            <div class=\"row clearfix\">\r\n                                <!--Image Column-->\r\n                                <div class=\"image-column col-md-6 col-sm-6 col-xs-12\">\r\n                                    <div class=\"image\">\r\n                                        <img decoding=\"async\" src=\"https:\/\/gestionyexcelencia.cl\/wp-content\/uploads\/2022\/08\/Lean_six_sigma_0.png\" alt=\"Image\" \/>\r\n                                    <\/div>\r\n                                <\/div>\r\n                                <!--Blocks Column-->\r\n                                <div class=\"services-blocks-column col-md-6 col-sm-6 col-xs-12\">\r\n                                    <div class=\"inner-column\">\r\n                                    \r\n                                    \t\t\t\t\t\t\t\t\t\t\t\r\n\t\t\t\t\t\t\t\t\t\t<!--Service Single Block-->\r\n                                    \t<div class=\"service-single-block\">\r\n                                        \t<div class=\"inner-box\">\r\n                                                <div class=\"icon-box\">\r\n                                                    <span class=\"flaticon-optimization\"><\/span>\r\n                                                <\/div>\r\n                                                <h3>Combinaci\u00f3n<\/h3>\r\n                                                <div class=\"service-text\">Combina las herramientas, m\u00e9todos y principios de Lean y Six Sigma, en una metodolog\u00eda popular y poderosa, para mejorar las operaciones de su organizaci\u00f3n.<\/div>\r\n                                            <\/div>\r\n                                        <\/div>\r\n                                        \r\n\t\t\t\t\t\t\t\t\t\t\t\t\t\t\t\t\t\t\t\t\r\n\t\t\t\t\t\t\t\t\t\t<!--Service Single Block-->\r\n                                    \t<div class=\"service-single-block\">\r\n                                        \t<div class=\"inner-box\">\r\n                                                <div class=\"icon-box\">\r\n                                                    <span class=\"flaticon-image\"><\/span>\r\n                                                <\/div>\r\n                                                <h3>Enfoque en el Equipo<\/h3>\r\n                                                <div class=\"service-text\">El enfoque orientado al equipo de Lean Six Sigma, ha demostrado resultados en la maximizaci\u00f3n de la eficiencia y la mejora dram\u00e1tica de la rentabilidad para las empresas de todo el mundo.<\/div>\r\n                                            <\/div>\r\n                                        <\/div>\r\n                                        \r\n\t\t\t\t\t\t\t\t\t\t                                    <\/div>\r\n                                <\/div>\r\n                            <\/div>\r\n                        <\/div>\r\n                    <\/div>\r\n                <\/div>\r\n            <\/div>\r\n        <\/div>\r\n    <\/div><div class=\"ps services-single-section\">\n    \t<div class=\"auto-container\">\n        \t<div class=\"row clearfix\">\n            \t\n                <!--Content Column-->\n                <div class=\"content-column col-md-12 col-sm-12 col-xs-12\">\n                \t<div class=\"inner-column\">\n                    \t\n                        <!--Accordian Boxed-->\n                        <div class=\"accordian-boxed\">\n                        \t<h3>3 Elementos Claves<\/h3>\n                            \n                            <!--Accordian Box \/ Style Three-->\n                            <ul class=\"accordion-box style-three\">\n\t\t\t\t\t\t\t\n\t\t\t\t\t\t\t\t\t\t\t\t\t\t\t\n                                <!--Block-->\n                                <li class=\"accordion block active-block\">\n                                    <div class=\"acc-btn \"><div class=\"icon-outer\"><span class=\"icon icon-plus flaticon-layers-2\"><\/span><\/div>Enfoque Sist\u00e9mico<\/div>\n                                    <div class=\"acc-content \">\n                                        <div class=\"content\">\n                                            <div class=\"accordian-text\">Hay tres elementos clave para Lean Six Sigma. Herramientas y t\u00e9cnicas, proceso y metodolog\u00eda y mentalidad y cultura. Estos tres elementos se refuerzan mutuamente. Las t\u00e9cnicas anal\u00edticas no se utilizan de manera efectiva, a menos que haya un proceso para aplicarlas y una mentalidad de mejora continua que cree la necesidad de ellas. Un proceso de mejora no produce los resultados deseados, a menos que incluya las herramientas y t\u00e9cnicas que definen la actividad de los pasos del proceso; y existe una cultura que insiste en el enfoque sist\u00e9mico basado en datos para resolver problemas.<\/div>\n                                        <\/div>\n                                    <\/div>\n                                <\/li>\n\t\t\t\t\t\t\t\t\n\t\t\t\t\t\t\t\t                            <\/ul>\n                        <\/div>\n                    <\/div>\n                <\/div>\n            <\/div>\n        <\/div>\n    <\/div><\/div><\/div><div class=\"kc-elm kc-css-431265 kc_col-sm-4 kc_column kc_col-sm-4\"><div class=\"kc-col-container\"><div class=\" services-single-section\">\r\n    \t<div class=\"auto-container\">\r\n        \t<div class=\"row clearfix\">\r\n                <!--Content Column-->\r\n                <div class=\"sidebar-column col-md-12 col-sm-8 col-xs-12\">\r\n                \t<div class=\"inner-column\">\r\n                    \t\r\n                        <!--Service Widget-->\r\n                        <div class=\"sidebar-widget-two service-widget\">\r\n                        \t<div class=\"widget-content\">\r\n                            \t<div class=\"sidebar-title-two\">\r\n                                \t<h2>Nuestros <br>\r\nServicios<\/h2>\r\n                                <\/div>\r\n                                <ul class=\"service-list\">\r\n                                \t<li class=\"active\"><a href=\"https:\/\/gestionyexcelencia.cl\/wp\/?page_id=37\">LEAN Six Sigma<\/a><\/li>\r\n                                    \r\n\t\t\t\t\t\t\t\t\t\t\t\t\t\t\t\t\t\t\r\n\t\t\t\t\t\t\t\t\t<li><a href=\"https:\/\/gestionyexcelencia.cl\/?page_id=603\">Gesti\u00f3n de Calidad\r\n<\/a><\/li>\r\n                                    \r\n\t\t\t\t\t\t\t\t\t\t\t\t\t\t\t\t\t\t\r\n\t\t\t\t\t\t\t\t\t<li><a href=\"https:\/\/gestionyexcelencia.cl\/?page_id=39\">Gesti\u00f3n de Continuidad del Negocio\r\n<\/a><\/li>\r\n                                    \r\n\t\t\t\t\t\t\t\t\t\t\t\t\t\t\t\t\t\t\r\n\t\t\t\t\t\t\t\t\t<li><a href=\"https:\/\/gestionyexcelencia.cl\/?page_id=40\">Gesti\u00f3n de Riesgos\r\n<\/a><\/li>\r\n                                    \r\n\t\t\t\t\t\t\t\t\t\t\t\t\t\t\t\t\t\t\r\n\t\t\t\t\t\t\t\t\t<li><a href=\"https:\/\/gestionyexcelencia.cl\/?page_id=41\">Igualdad de G\u00e9nero\r\n<\/a><\/li>\r\n                                    \r\n\t\t\t\t\t\t\t\t\t\t\t\t\t\t\t\t\t\t\r\n\t\t\t\t\t\t\t\t\t<li><a href=\"https:\/\/gestionyexcelencia.cl\/?page_id=42\">Gesti\u00f3n de Seguridad de la Informaci\u00f3n<\/a><\/li>\r\n                                    \r\n\t\t\t\t\t\t\t\t\t                                <\/ul>\r\n                            <\/div>\r\n                        <\/div>\r\n                        \r\n                        <!--Branches Widget-->\r\n                        <div class=\"sidebar-widget-two branches-widget\">\r\n                        \t<div class=\"widget-content\">\r\n                            \t<div class=\"sidebar-title-two\">\r\n                                \t<h2>Soluciones <br>\r\nen Conjunto<\/h2>\r\n                                <\/div>\r\n                                <ul class=\"branch-list\">\r\n                                \t\r\n\t\t\t\t\t\t\t\t\t                                <\/ul>\r\n                            <\/div>\r\n                        <\/div>\r\n                        \r\n                        <!--Meeting Widget-->\r\n                        <div class=\"sidebar-widget-two meeting-widget\">\r\n                        \t<div class=\"widget-content\">\r\n                            \t<div class=\"sidebar-title-two\">\r\n                                \t<h2>Pide tu <br> Presupuesto\r\n<\/h2>\r\n                                <\/div>\r\n                                <div class=\"image\">\r\n                                \t<img decoding=\"async\" src=\"https:\/\/gestionyexcelencia.cl\/wp-content\/uploads\/2022\/08\/conocenos.png\" alt=\"Image\" \/>\r\n                                    <div class=\"overlay-box\">\r\n                                    \t<h2> <br> <span class=\"theme_color\"><\/h2>\r\n                                        <a href=\"#\" class=\"meet\"><\/a>\r\n                                    <\/div>\r\n                                <\/div>\r\n                            <\/div>\r\n                        <\/div>\r\n                        \r\n                        <!--Hours Widget-->\r\n                        <div class=\"sidebar-widget-two hours-widget\">\r\n                        \t<div class=\"widget-content\">\r\n                            \t<div class=\"sidebar-title-two\">\r\n                                \t<h2>Horario <br>\r\nAtenci\u00f3n<\/h2>\r\n                                <\/div>\r\n                                <ul class=\"hours-time-list\">\r\n                                \t<li class=\"clearfix\">Lunes - Viernes <span>9.00 - 18.00<\/span><\/li>\r\n                                    <li class=\"clearfix\"><\/li>\r\n                                    <li class=\"clearfix\"> <span class=\"theme_color\"><\/span><\/li>\r\n                                <\/ul>\r\n                                <div class=\"phone-number\">F: 562 22442533<\/div>\r\n                            <\/div>\r\n                        <\/div>\r\n                        \r\n                    <\/div>\r\n                <\/div>\r\n                \r\n            <\/div>\r\n        <\/div>\r\n    <\/div><\/div><\/div><\/div><\/div><\/section>\n","protected":false},"excerpt":{"rendered":"","protected":false},"author":3,"featured_media":0,"parent":0,"menu_order":0,"comment_status":"closed","ping_status":"closed","template":"tpl-king-composer.php","meta":{"footnotes":""},"class_list":["post-37","page","type-page","status-publish","hentry"],"_links":{"self":[{"href":"https:\/\/gestionyexcelencia.cl\/index.php?rest_route=\/wp\/v2\/pages\/37","targetHints":{"allow":["GET"]}}],"collection":[{"href":"https:\/\/gestionyexcelencia.cl\/index.php?rest_route=\/wp\/v2\/pages"}],"about":[{"href":"https:\/\/gestionyexcelencia.cl\/index.php?rest_route=\/wp\/v2\/types\/page"}],"author":[{"embeddable":true,"href":"https:\/\/gestionyexcelencia.cl\/index.php?rest_route=\/wp\/v2\/users\/3"}],"replies":[{"embeddable":true,"href":"https:\/\/gestionyexcelencia.cl\/index.php?rest_route=%2Fwp%2Fv2%2Fcomments&post=37"}],"version-history":[{"count":26,"href":"https:\/\/gestionyexcelencia.cl\/index.php?rest_route=\/wp\/v2\/pages\/37\/revisions"}],"predecessor-version":[{"id":2063,"href":"https:\/\/gestionyexcelencia.cl\/index.php?rest_route=\/wp\/v2\/pages\/37\/revisions\/2063"}],"wp:attachment":[{"href":"https:\/\/gestionyexcelencia.cl\/index.php?rest_route=%2Fwp%2Fv2%2Fmedia&parent=37"}],"curies":[{"name":"wp","href":"https:\/\/api.w.org\/{rel}","templated":true}]}}