{"id":42,"date":"2018-08-16T04:36:57","date_gmt":"2018-08-16T04:36:57","guid":{"rendered":"http:\/\/localhost\/ikon\/?page_id=42"},"modified":"2022-08-28T01:12:20","modified_gmt":"2022-08-28T01:12:20","slug":"media-entertainment","status":"publish","type":"page","link":"https:\/\/gestionyexcelencia.cl\/?page_id=42","title":{"rendered":"Gesti\u00f3n de Seguridad de la Informaci\u00f3n"},"content":{"rendered":"<section class=\"kc-elm kc-css-393697 kc_row\"><div class=\"kc-row-container  kc-container\"><div class=\"kc-wrap-columns\"><div class=\"kc-elm kc-css-740987 kc_col-sm-8 kc_column kc_col-sm-8\"><div class=\"kc-col-container\"><div class=\"sm services-single-section\">\r\n    \t<div class=\"auto-container\">\r\n        \t<div class=\"row clearfix\">\r\n            \t\r\n                <!--Content Column-->\r\n                <div class=\"content-column col-md-12 col-sm-12 col-xs-12\">\r\n                \t<div class=\"inner-column\">\r\n                    \t<h2>Gesti\u00f3n de Seguridad de la Informaci\u00f3n<\/h2>\r\n                        <div class=\"text\">Dise\u00f1o, implementaci\u00f3n, mantenimiento y mejora de Sistemas de Gesti\u00f3n de Seguridad de la Informaci\u00f3n conforme a ISO 27001.\r\n\r\n<\/div>\r\n                        \r\n                        <!--Two Column-->\r\n                        <div class=\"two-column\">\r\n                            <div class=\"row clearfix\">\r\n                                <!--Image Column-->\r\n                                <div class=\"image-column col-md-6 col-sm-6 col-xs-12\">\r\n                                    <div class=\"image\">\r\n                                        <img decoding=\"async\" src=\"https:\/\/gestionyexcelencia.cl\/wp-content\/uploads\/2022\/08\/igualdad_genero_21.png\" alt=\"Image\" \/>\r\n                                    <\/div>\r\n                                <\/div>\r\n                                <!--Blocks Column-->\r\n                                <div class=\"services-blocks-column col-md-6 col-sm-6 col-xs-12\">\r\n                                    <div class=\"inner-column\">\r\n                                    \r\n                                    \t\t\t\t\t\t\t\t\t\t\t\r\n\t\t\t\t\t\t\t\t\t\t<!--Service Single Block-->\r\n                                    \t<div class=\"service-single-block\">\r\n                                        \t<div class=\"inner-box\">\r\n                                                <div class=\"icon-box\">\r\n                                                    <span class=\"flaticon-website\"><\/span>\r\n                                                <\/div>\r\n                                                <h3>La informaci\u00f3n<\/h3>\r\n                                                <div class=\"service-text\">La informaci\u00f3n es un activo que, como otros activos importantes del negocio, es esencial\r\nal negocio de la organizaci\u00f3n y en consecuencia necesita ser protegido adecuadamente. \r\nLas organizaciones de todos los tipos y tama\u00f1os (incluido el sector p\u00fablico y privado, comercial y sin fines de lucro) recopilan, procesan, utilizan y transmiten informaci\u00f3n de varias formas incluidas las electr\u00f3nicas, f\u00edsicas y verbales (por ejemplo, conversaciones y presentaciones).<\/div>\r\n                                            <\/div>\r\n                                        <\/div>\r\n                                        \r\n\t\t\t\t\t\t\t\t\t\t\t\t\t\t\t\t\t\t\t\t\r\n\t\t\t\t\t\t\t\t\t\t<!--Service Single Block-->\r\n                                    \t<div class=\"service-single-block\">\r\n                                        \t<div class=\"inner-box\">\r\n                                                <div class=\"icon-box\">\r\n                                                    <span class=\"flaticon-padlock\"><\/span>\r\n                                                <\/div>\r\n                                                <h3>Seguridad de la Informaci\u00f3n<\/h3>\r\n                                                <div class=\"service-text\">La Seguridad de la Informaci\u00f3n se refiere a la preservaci\u00f3n de tres caracter\u00edsticas o\r\ndimensiones principales; la confidencialidad, la integridad y la disponibilidad de la\r\ninformaci\u00f3n.\r\nLa seguridad de la informaci\u00f3n se logra implementando un conjunto adecuado, de controles que incluye pol\u00edticas, procesos, procedimientos, estructuras organizacionales y\r\nfunciones de software y hardware, una de las formas para lograr lo anterior es la\r\nimplementaci\u00f3n de un Sistema de Gesti\u00f3n de la Seguridad de la Informaci\u00f3n (SGSI) basado en los requisitos definido en la norma ISO\/IEC 27001.<\/div>\r\n                                            <\/div>\r\n                                        <\/div>\r\n                                        \r\n\t\t\t\t\t\t\t\t\t\t                                    <\/div>\r\n                                <\/div>\r\n                            <\/div>\r\n                        <\/div>\r\n                    <\/div>\r\n                <\/div>\r\n            <\/div>\r\n        <\/div>\r\n    <\/div><div class=\"sm services-single-section\">\r\n    \t<div class=\"auto-container\">\r\n        \t<div class=\"row clearfix\">\r\n            \t\r\n                <!--Content Column-->\r\n                <div class=\"content-column col-md-12 col-sm-12 col-xs-12\">\r\n                \t<div class=\"inner-column\">\r\n                    \t<h2>Norma Certificable<\/h2>\r\n                        <div class=\"text\">La norma ISO\/IEC 27001:2013 establece los requisitos para la implementaci\u00f3n,\r\noperaci\u00f3n, mantenimiento y mejora de un SGSI aplicable a todas las organizaciones\r\nindependientemente de su tipo o tama\u00f1o, que pretendan en un contexto cada vez m\u00e1s\r\ncomplejo y vol\u00e1til, proteger sus activos y brindar confianza a sus clientes y otras partes\r\ninteresadas en relaci\u00f3n con la seguridad de la informaci\u00f3n.<\/div>\r\n                        \r\n                        <!--Two Column-->\r\n                        <div class=\"two-column\">\r\n                            <div class=\"row clearfix\">\r\n                                <!--Image Column-->\r\n                                <div class=\"image-column col-md-6 col-sm-6 col-xs-12\">\r\n                                    <div class=\"image\">\r\n                                        <img decoding=\"async\" src=\"https:\/\/gestionyexcelencia.cl\/wp-content\/uploads\/2022\/08\/igualdad_genero_4-1.png\" alt=\"Image\" \/>\r\n                                    <\/div>\r\n                                <\/div>\r\n                                <!--Blocks Column-->\r\n                                <div class=\"services-blocks-column col-md-6 col-sm-6 col-xs-12\">\r\n                                    <div class=\"inner-column\">\r\n                                    \r\n                                    \t\t\t\t\t\t\t\t\t\t\t\r\n\t\t\t\t\t\t\t\t\t\t<!--Service Single Block-->\r\n                                    \t<div class=\"service-single-block\">\r\n                                        \t<div class=\"inner-box\">\r\n                                                <div class=\"icon-box\">\r\n                                                    <span class=\"flaticon-certificate\"><\/span>\r\n                                                <\/div>\r\n                                                <h3>La norma ISO\/IEC 27001<\/h3>\r\n                                                <div class=\"service-text\">La implementaci\u00f3n del Sistema de Gesti\u00f3n de la Seguridad de la Informaci\u00f3n (SGSI), incluye entre otras las actividades siguientes:<\/div>\r\n                                            <\/div>\r\n                                        <\/div>\r\n                                        \r\n\t\t\t\t\t\t\t\t\t\t\t\t\t\t\t\t\t\t\t\t\r\n\t\t\t\t\t\t\t\t\t\t<!--Service Single Block-->\r\n                                    \t<div class=\"service-single-block\">\r\n                                        \t<div class=\"inner-box\">\r\n                                                <div class=\"icon-box\">\r\n                                                    <span class=\"flaticon-certificate\"><\/span>\r\n                                                <\/div>\r\n                                                <h3>Diagn\u00f3stico<\/h3>\r\n                                                <div class=\"service-text\">Realizar un Diagnostico al interior de la organizaci\u00f3n para identificar las\r\nbrechas en relaci\u00f3n con los requisitos de la norma ISO\/IEC 27001.<\/div>\r\n                                            <\/div>\r\n                                        <\/div>\r\n                                        \r\n\t\t\t\t\t\t\t\t\t\t\t\t\t\t\t\t\t\t\t\t\r\n\t\t\t\t\t\t\t\t\t\t<!--Service Single Block-->\r\n                                    \t<div class=\"service-single-block\">\r\n                                        \t<div class=\"inner-box\">\r\n                                                <div class=\"icon-box\">\r\n                                                    <span class=\"flaticon-document\"><\/span>\r\n                                                <\/div>\r\n                                                <h3>Identificaci\u00f3n Marco Legal y Reglamentario<\/h3>\r\n                                                <div class=\"service-text\">Identificar el marco legal y reglamentario aplicable a la organizaci\u00f3n, estudiar su contexto y partes interesadas en el \u00e1mbito de la seguridad de la\r\ninformaci\u00f3n.<\/div>\r\n                                            <\/div>\r\n                                        <\/div>\r\n                                        \r\n\t\t\t\t\t\t\t\t\t\t\t\t\t\t\t\t\t\t\t\t\r\n\t\t\t\t\t\t\t\t\t\t<!--Service Single Block-->\r\n                                    \t<div class=\"service-single-block\">\r\n                                        \t<div class=\"inner-box\">\r\n                                                <div class=\"icon-box\">\r\n                                                    <span class=\"sl-magnifier\"><\/span>\r\n                                                <\/div>\r\n                                                <h3>Identificaci\u00f3n Activos de Informaci\u00f3n y Riesgos de Seguridad<\/h3>\r\n                                                <div class=\"service-text\">Identificar los activos de informaci\u00f3n, realizar la identificaci\u00f3n y evaluaci\u00f3n de los riesgos de seguridad de la informaci\u00f3n e identificar las opciones y los controles aplicables para su tratamiento.<\/div>\r\n                                            <\/div>\r\n                                        <\/div>\r\n                                        \r\n\t\t\t\t\t\t\t\t\t\t\t\t\t\t\t\t\t\t\t\t\r\n\t\t\t\t\t\t\t\t\t\t<!--Service Single Block-->\r\n                                    \t<div class=\"service-single-block\">\r\n                                        \t<div class=\"inner-box\">\r\n                                                <div class=\"icon-box\">\r\n                                                    <span class=\"flaticon-note-1\"><\/span>\r\n                                                <\/div>\r\n                                                <h3>Definir Pol\u00edticas, Lineamientos y Procedimientos<\/h3>\r\n                                                <div class=\"service-text\">Definir pol\u00edticas, lineamientos y procedimientos para materializar los controles identificados y abordar la seguridad de la informaci\u00f3n.<\/div>\r\n                                            <\/div>\r\n                                        <\/div>\r\n                                        \r\n\t\t\t\t\t\t\t\t\t\t\t\t\t\t\t\t\t\t\t\t\r\n\t\t\t\t\t\t\t\t\t\t<!--Service Single Block-->\r\n                                    \t<div class=\"service-single-block\">\r\n                                        \t<div class=\"inner-box\">\r\n                                                <div class=\"icon-box\">\r\n                                                    <span class=\"flaticon-employee\"><\/span>\r\n                                                <\/div>\r\n                                                <h3>Capacitaci\u00f3n<\/h3>\r\n                                                <div class=\"service-text\">Capacitar y asegurar la toma de conciencia de su personal en temas de seguridad de la informaci\u00f3n.<\/div>\r\n                                            <\/div>\r\n                                        <\/div>\r\n                                        \r\n\t\t\t\t\t\t\t\t\t\t\t\t\t\t\t\t\t\t\t\t\r\n\t\t\t\t\t\t\t\t\t\t<!--Service Single Block-->\r\n                                    \t<div class=\"service-single-block\">\r\n                                        \t<div class=\"inner-box\">\r\n                                                <div class=\"icon-box\">\r\n                                                    <span class=\"flaticon-certificate-1\"><\/span>\r\n                                                <\/div>\r\n                                                <h3>Seguimiento, Medici\u00f3n y Mejora<\/h3>\r\n                                                <div class=\"service-text\">Realizar el seguimiento, medici\u00f3n y mejora de los procesos del SGSI.<\/div>\r\n                                            <\/div>\r\n                                        <\/div>\r\n                                        \r\n\t\t\t\t\t\t\t\t\t\t                                    <\/div>\r\n                                <\/div>\r\n                            <\/div>\r\n                        <\/div>\r\n                    <\/div>\r\n                <\/div>\r\n            <\/div>\r\n        <\/div>\r\n    <\/div><div class=\"ps services-single-section\">\n    \t<div class=\"auto-container\">\n        \t<div class=\"row clearfix\">\n            \t\n                <!--Content Column-->\n                <div class=\"content-column col-md-12 col-sm-12 col-xs-12\">\n                \t<div class=\"inner-column\">\n                    \t\n                        <!--Accordian Boxed-->\n                        <div class=\"accordian-boxed\">\n                        \t<h3>Beneficios de la implementaci\u00f3n del SGIGyC<\/h3>\n                            \n                            <!--Accordian Box \/ Style Three-->\n                            <ul class=\"accordion-box style-three\">\n\t\t\t\t\t\t\t\n\t\t\t\t\t\t\t\t\t\t\t\t\t\t\t\n                                <!--Block-->\n                                <li class=\"accordion block active-block\">\n                                    <div class=\"acc-btn \"><div class=\"icon-outer\"><span class=\"icon icon-plus flaticon-check\"><\/span><\/div>Satisfacer Requisitos Clientes y Otros Interesados<\/div>\n                                    <div class=\"acc-content \">\n                                        <div class=\"content\">\n                                            <div class=\"accordian-text\">Satisfacer requisitos de los clientes y otras partes interesadas, por ejemplo en el caso de Bancos, Compa\u00f1\u00edas de Seguros, Organizaciones de desarrollo de software, Servicios P\u00fablicos, Organizaciones que forman parte de la\r\nInfraestructura Cr\u00edtica, y otras.<\/div>\n                                        <\/div>\n                                    <\/div>\n                                <\/li>\n\t\t\t\t\t\t\t\t\n\t\t\t\t\t\t\t\t\t\t\t\t\t\t\t\n                                <!--Block-->\n                                <li class=\"accordion block active-block\">\n                                    <div class=\"acc-btn active\"><div class=\"icon-outer\"><span class=\"icon icon-plus flaticon-certificate-1\"><\/span><\/div>Cumplimiento<\/div>\n                                    <div class=\"acc-content current\">\n                                        <div class=\"content\">\n                                            <div class=\"accordian-text\">Cumplir principios organizacionales o corporativos.<\/div>\n                                        <\/div>\n                                    <\/div>\n                                <\/li>\n\t\t\t\t\t\t\t\t\n\t\t\t\t\t\t\t\t\t\t\t\t\t\t\t\n                                <!--Block-->\n                                <li class=\"accordion block active-block\">\n                                    <div class=\"acc-btn \"><div class=\"icon-outer\"><span class=\"icon icon-plus flaticon-medal\"><\/span><\/div>Imagen y Reputaci\u00f3n<\/div>\n                                    <div class=\"acc-content \">\n                                        <div class=\"content\">\n                                            <div class=\"accordian-text\">Mejorar y potenciar la imagen y la reputaci\u00f3n de la organizaci\u00f3n.<\/div>\n                                        <\/div>\n                                    <\/div>\n                                <\/li>\n\t\t\t\t\t\t\t\t\n\t\t\t\t\t\t\t\t\t\t\t\t\t\t\t\n                                <!--Block-->\n                                <li class=\"accordion block active-block\">\n                                    <div class=\"acc-btn \"><div class=\"icon-outer\"><span class=\"icon icon-plus flaticon-money-bag\"><\/span><\/div>Ventajas Competitivas<\/div>\n                                    <div class=\"acc-content \">\n                                        <div class=\"content\">\n                                            <div class=\"accordian-text\">Lograr ventajas competitivas en el sector econ\u00f3mico.<\/div>\n                                        <\/div>\n                                    <\/div>\n                                <\/li>\n\t\t\t\t\t\t\t\t\n\t\t\t\t\t\t\t\t\t\t\t\t\t\t\t\n                                <!--Block-->\n                                <li class=\"accordion block active-block\">\n                                    <div class=\"acc-btn \"><div class=\"icon-outer\"><span class=\"icon icon-plus sl-share\"><\/span><\/div>Satisfacer Necesidades y Requisitos Asociados al Negocio<\/div>\n                                    <div class=\"acc-content \">\n                                        <div class=\"content\">\n                                            <div class=\"accordian-text\">Satisfacer necesidades y requisitos de asociados de negocio, en entornos interrelacionados (por ejemplo, cadenas de valor integradas).<\/div>\n                                        <\/div>\n                                    <\/div>\n                                <\/li>\n\t\t\t\t\t\t\t\t\n\t\t\t\t\t\t\t\t\t\t\t\t\t\t\t\n                                <!--Block-->\n                                <li class=\"accordion block active-block\">\n                                    <div class=\"acc-btn \"><div class=\"icon-outer\"><span class=\"icon icon-plus et-trophy\"><\/span><\/div>Cumplimiento Normativas y Regulaciones<\/div>\n                                    <div class=\"acc-content \">\n                                        <div class=\"content\">\n                                            <div class=\"accordian-text\">Dar cumplimiento a normativas y regulaciones en materias de seguridad de la\r\ninformaci\u00f3n.<\/div>\n                                        <\/div>\n                                    <\/div>\n                                <\/li>\n\t\t\t\t\t\t\t\t\n\t\t\t\t\t\t\t\t                            <\/ul>\n                        <\/div>\n                    <\/div>\n                <\/div>\n            <\/div>\n        <\/div>\n    <\/div><\/div><\/div><div class=\"kc-elm kc-css-284538 kc_col-sm-4 kc_column kc_col-sm-4\"><div class=\"kc-col-container\"><div class=\" services-single-section\">\r\n    \t<div class=\"auto-container\">\r\n        \t<div class=\"row clearfix\">\r\n                <!--Content Column-->\r\n                <div class=\"sidebar-column col-md-12 col-sm-8 col-xs-12\">\r\n                \t<div class=\"inner-column\">\r\n                    \t\r\n                        <!--Service Widget-->\r\n                        <div class=\"sidebar-widget-two service-widget\">\r\n                        \t<div class=\"widget-content\">\r\n                            \t<div class=\"sidebar-title-two\">\r\n                                \t<h2>Nuestros <br>\r\nServicios<\/h2>\r\n                                <\/div>\r\n                                <ul class=\"service-list\">\r\n                                \t<li class=\"active\"><a href=\"https:\/\/gestionyexcelencia.cl\/wp\/?page_id=42\">Gesti\u00f3n de Seguridad de la Informaci\u00f3n<\/a><\/li>\r\n                                    \r\n\t\t\t\t\t\t\t\t\t\t\t\t\t\t\t\t\t\t\r\n\t\t\t\t\t\t\t\t\t<li><a href=\"https:\/\/gestionyexcelencia.cl\/?page_id=37\">LEAN Six Sigma<\/a><\/li>\r\n                                    \r\n\t\t\t\t\t\t\t\t\t\t\t\t\t\t\t\t\t\t\r\n\t\t\t\t\t\t\t\t\t<li><a href=\"https:\/\/gestionyexcelencia.cl\/?page_id=603\">Gesti\u00f3n de Calidad\r\n<\/a><\/li>\r\n                                    \r\n\t\t\t\t\t\t\t\t\t\t\t\t\t\t\t\t\t\t\r\n\t\t\t\t\t\t\t\t\t<li><a href=\"https:\/\/gestionyexcelencia.cl\/?page_id=39\">Gesti\u00f3n de Continuidad del Negocio\r\n<\/a><\/li>\r\n                                    \r\n\t\t\t\t\t\t\t\t\t\t\t\t\t\t\t\t\t\t\r\n\t\t\t\t\t\t\t\t\t<li><a href=\"https:\/\/gestionyexcelencia.cl\/?page_id=40\">Gesti\u00f3n de Riesgos\r\n<\/a><\/li>\r\n                                    \r\n\t\t\t\t\t\t\t\t\t\t\t\t\t\t\t\t\t\t\r\n\t\t\t\t\t\t\t\t\t<li><a href=\"https:\/\/gestionyexcelencia.cl\/?page_id=41\">Igualdad de G\u00e9nero\r\n<\/a><\/li>\r\n                                    \r\n\t\t\t\t\t\t\t\t\t                                <\/ul>\r\n                            <\/div>\r\n                        <\/div>\r\n                        \r\n                        <!--Branches Widget-->\r\n                        <div class=\"sidebar-widget-two branches-widget\">\r\n                        \t<div class=\"widget-content\">\r\n                            \t<div class=\"sidebar-title-two\">\r\n                                \t<h2>Soluciones <br>\r\nen Conjunto<\/h2>\r\n                                <\/div>\r\n                                <ul class=\"branch-list\">\r\n                                \t\r\n\t\t\t\t\t\t\t\t\t                                <\/ul>\r\n                            <\/div>\r\n                        <\/div>\r\n                        \r\n                        <!--Meeting Widget-->\r\n                        <div class=\"sidebar-widget-two meeting-widget\">\r\n                        \t<div class=\"widget-content\">\r\n                            \t<div class=\"sidebar-title-two\">\r\n                                \t<h2>Pide tu <br> Presupuesto\r\n<\/h2>\r\n                                <\/div>\r\n                                <div class=\"image\">\r\n                                \t<img decoding=\"async\" src=\"https:\/\/gestionyexcelencia.cl\/wp-content\/uploads\/2022\/08\/conocenos.png\" alt=\"Image\" \/>\r\n                                    <div class=\"overlay-box\">\r\n                                    \t<h2> <br> <span class=\"theme_color\"><\/h2>\r\n                                        <a href=\"#\" class=\"meet\"><\/a>\r\n                                    <\/div>\r\n                                <\/div>\r\n                            <\/div>\r\n                        <\/div>\r\n                        \r\n                        <!--Hours Widget-->\r\n                        <div class=\"sidebar-widget-two hours-widget\">\r\n                        \t<div class=\"widget-content\">\r\n                            \t<div class=\"sidebar-title-two\">\r\n                                \t<h2>Horario <br>\r\nAtenci\u00f3n<\/h2>\r\n                                <\/div>\r\n                                <ul class=\"hours-time-list\">\r\n                                \t<li class=\"clearfix\">Lunes - Viernes <span>9.00 - 18.00<\/span><\/li>\r\n                                    <li class=\"clearfix\"><\/li>\r\n                                    <li class=\"clearfix\"> <span class=\"theme_color\"><\/span><\/li>\r\n                                <\/ul>\r\n                                <div class=\"phone-number\">F: 562 22442533<\/div>\r\n                            <\/div>\r\n                        <\/div>\r\n                        \r\n                    <\/div>\r\n                <\/div>\r\n                \r\n            <\/div>\r\n        <\/div>\r\n    <\/div><\/div><\/div><\/div><\/div><\/section>\n","protected":false},"excerpt":{"rendered":"","protected":false},"author":3,"featured_media":0,"parent":0,"menu_order":0,"comment_status":"closed","ping_status":"closed","template":"tpl-king-composer.php","meta":{"footnotes":""},"class_list":["post-42","page","type-page","status-publish","hentry"],"_links":{"self":[{"href":"https:\/\/gestionyexcelencia.cl\/index.php?rest_route=\/wp\/v2\/pages\/42","targetHints":{"allow":["GET"]}}],"collection":[{"href":"https:\/\/gestionyexcelencia.cl\/index.php?rest_route=\/wp\/v2\/pages"}],"about":[{"href":"https:\/\/gestionyexcelencia.cl\/index.php?rest_route=\/wp\/v2\/types\/page"}],"author":[{"embeddable":true,"href":"https:\/\/gestionyexcelencia.cl\/index.php?rest_route=\/wp\/v2\/users\/3"}],"replies":[{"embeddable":true,"href":"https:\/\/gestionyexcelencia.cl\/index.php?rest_route=%2Fwp%2Fv2%2Fcomments&post=42"}],"version-history":[{"count":27,"href":"https:\/\/gestionyexcelencia.cl\/index.php?rest_route=\/wp\/v2\/pages\/42\/revisions"}],"predecessor-version":[{"id":2066,"href":"https:\/\/gestionyexcelencia.cl\/index.php?rest_route=\/wp\/v2\/pages\/42\/revisions\/2066"}],"wp:attachment":[{"href":"https:\/\/gestionyexcelencia.cl\/index.php?rest_route=%2Fwp%2Fv2%2Fmedia&parent=42"}],"curies":[{"name":"wp","href":"https:\/\/api.w.org\/{rel}","templated":true}]}}